{"id":4673,"date":"2026-03-19T16:42:39","date_gmt":"2026-03-19T22:42:39","guid":{"rendered":"https:\/\/genios-gt.com\/?post_type=product&#038;p=4673"},"modified":"2026-03-19T16:44:15","modified_gmt":"2026-03-19T22:44:15","slug":"hebilla-haz-de-picas-plateada-g415","status":"publish","type":"product","link":"https:\/\/genios-gt.com\/index.php\/producto\/hebilla-haz-de-picas-plateada-g415\/","title":{"rendered":"HEBILLA HAZ DE PICAS PLATEADA G415"},"content":{"rendered":"<p data-start=\"88\" data-end=\"163\"><strong data-start=\"88\" data-end=\"116\">HEBILLA M\u00c1XIMA ELEGANCIA<\/strong><br data-start=\"116\" data-end=\"119\" \/><strong data-start=\"119\" data-end=\"163\">Estilo sofisticado \u2022 Distinci\u00f3n absoluta<\/strong><\/p>\n<p data-start=\"165\" data-end=\"335\">Una pieza inspirada en la carta de As, s\u00edmbolo de poder, estrategia y elegancia. Dise\u00f1ada para hombres que cuidan cada detalle y proyectan presencia en cualquier ocasi\u00f3n.<\/p>\n<p data-start=\"337\" data-end=\"491\">\u2714 Dise\u00f1o fino con acabado pulido tipo espejo<br data-start=\"381\" data-end=\"384\" \/>\u2714 Material: aleaci\u00f3n de zinc de alta durabilidad<br data-start=\"432\" data-end=\"435\" \/>\u2714 Perfecta para atuendos formales o casuales elegantes<\/p>\n<p data-start=\"493\" data-end=\"534\"><strong data-start=\"493\" data-end=\"504\">Tama\u00f1o:<\/strong> 6 x 9 cm<br data-start=\"513\" data-end=\"516\" \/><strong data-start=\"516\" data-end=\"527\">C\u00f3digo:<\/strong> G415<\/p>\n<p data-start=\"536\" data-end=\"588\">\u2728 Eleva tu imagen con un accesorio que habla por ti.<\/p>\n<hr data-start=\"590\" data-end=\"593\" \/>\n<p data-start=\"595\" data-end=\"738\" data-is-last-node=\"\" data-is-only-node=\"\">Si quieres, puedo hacerte una versi\u00f3n m\u00e1s \u201clujosa\u201d tipo marca premium o una m\u00e1s agresiva para vender en redes sociales (con urgencia y cierre)<\/p>\n","protected":false},"excerpt":{"rendered":"<p><span class=\"fe5nidar khvhiq1o r5qsrrlp i5tg98hk f9ovudaz przvwfww gx1rr48f gfz4du6o r7fjleex nz2484kf svot0ezm dcnh1tix sxl192xd t3g6t33p\"><span class=\"mpj7bzys xzlurrtv\">\u2714\ufe0f<\/span><\/span>Material: Aleaci\u00f3n de Zinc.<\/p>\n<p>\u2714\ufe0fDise\u00f1o: Haz de picas plateada brillante .<\/p>\n<p>\u2714\ufe0fEstilo: Retro Vintage.<\/p>\n<p>\ud83d\udcb5\u00a0En la compra de 2 o mas productos el envi\u00f3 es Gratis<\/p>\n<p>\ud83c\uddec\ud83c\uddf9\u00a0Env\u00edos a todo el pais.<\/p>\n<p>\ud83d\ude9a\u00a0Pagas al recibir.<\/p>\n","protected":false},"featured_media":4674,"comment_status":"open","ping_status":"closed","template":"","meta":{"_uag_custom_page_level_css":""},"product_cat":[131],"product_tag":[],"jetpack_sharing_enabled":true,"uagb_featured_image_src":{"full":["https:\/\/genios-gt.com\/wp-content\/uploads\/2026\/03\/HEBILLAS-DE-HAZ-G415-scaled.jpg",2560,2560,false],"thumbnail":["https:\/\/genios-gt.com\/wp-content\/uploads\/2026\/03\/HEBILLAS-DE-HAZ-G415-150x150.jpg",150,150,true],"medium":["https:\/\/genios-gt.com\/wp-content\/uploads\/2026\/03\/HEBILLAS-DE-HAZ-G415-300x300.jpg",300,300,true],"medium_large":["https:\/\/genios-gt.com\/wp-content\/uploads\/2026\/03\/HEBILLAS-DE-HAZ-G415-768x768.jpg",640,640,true],"large":["https:\/\/genios-gt.com\/wp-content\/uploads\/2026\/03\/HEBILLAS-DE-HAZ-G415-1024x1024.jpg",640,640,true],"1536x1536":["https:\/\/genios-gt.com\/wp-content\/uploads\/2026\/03\/HEBILLAS-DE-HAZ-G415-1536x1536.jpg",1536,1536,true],"2048x2048":["https:\/\/genios-gt.com\/wp-content\/uploads\/2026\/03\/HEBILLAS-DE-HAZ-G415-2048x2048.jpg",2048,2048,true],"mailpoet_newsletter_max":["https:\/\/genios-gt.com\/wp-content\/uploads\/2026\/03\/HEBILLAS-DE-HAZ-G415-1320x1320.jpg",1320,1320,true],"woocommerce_thumbnail":["https:\/\/genios-gt.com\/wp-content\/uploads\/2026\/03\/HEBILLAS-DE-HAZ-G415-320x320.jpg",320,320,true],"woocommerce_single":["https:\/\/genios-gt.com\/wp-content\/uploads\/2026\/03\/HEBILLAS-DE-HAZ-G415-600x600.jpg",600,600,true],"woocommerce_gallery_thumbnail":["https:\/\/genios-gt.com\/wp-content\/uploads\/2026\/03\/HEBILLAS-DE-HAZ-G415-100x100.jpg",100,100,true],"variation_swatches_image_size":["https:\/\/genios-gt.com\/wp-content\/uploads\/2026\/03\/HEBILLAS-DE-HAZ-G415-50x50.jpg",50,50,true],"variation_swatches_tooltip_size":["https:\/\/genios-gt.com\/wp-content\/uploads\/2026\/03\/HEBILLAS-DE-HAZ-G415-100x100.jpg",100,100,true],"thaps-thumb-img":["https:\/\/genios-gt.com\/wp-content\/uploads\/2026\/03\/HEBILLAS-DE-HAZ-G415-48x48.jpg",48,48,true]},"uagb_author_info":{"display_name":"Yemito","author_link":"https:\/\/genios-gt.com\/index.php\/author\/"},"uagb_comment_info":0,"uagb_excerpt":"\u2714\ufe0fMaterial: Aleaci\u00f3n de Zinc. \u2714\ufe0fDise\u00f1o: Haz de picas plateada brillante . \u2714\ufe0fEstilo: Retro Vintage. \ud83d\udcb5\u00a0En la compra de 2 o mas productos el envi\u00f3 es Gratis \ud83c\uddec\ud83c\uddf9\u00a0Env\u00edos a todo el pais. \ud83d\ude9a\u00a0Pagas al recibir.","_links":{"self":[{"href":"https:\/\/genios-gt.com\/index.php\/wp-json\/wp\/v2\/product\/4673"}],"collection":[{"href":"https:\/\/genios-gt.com\/index.php\/wp-json\/wp\/v2\/product"}],"about":[{"href":"https:\/\/genios-gt.com\/index.php\/wp-json\/wp\/v2\/types\/product"}],"replies":[{"embeddable":true,"href":"https:\/\/genios-gt.com\/index.php\/wp-json\/wp\/v2\/comments?post=4673"}],"wp:featuredmedia":[{"embeddable":true,"href":"https:\/\/genios-gt.com\/index.php\/wp-json\/wp\/v2\/media\/4674"}],"wp:attachment":[{"href":"https:\/\/genios-gt.com\/index.php\/wp-json\/wp\/v2\/media?parent=4673"}],"wp:term":[{"taxonomy":"product_cat","embeddable":true,"href":"https:\/\/genios-gt.com\/index.php\/wp-json\/wp\/v2\/product_cat?post=4673"},{"taxonomy":"product_tag","embeddable":true,"href":"https:\/\/genios-gt.com\/index.php\/wp-json\/wp\/v2\/product_tag?post=4673"}],"curies":[{"name":"wp","href":"https:\/\/api.w.org\/{rel}","templated":true}]}}