{"id":4629,"date":"2026-02-25T13:58:27","date_gmt":"2026-02-25T19:58:27","guid":{"rendered":"https:\/\/genios-gt.com\/?post_type=product&#038;p=4629"},"modified":"2026-02-25T14:14:45","modified_gmt":"2026-02-25T20:14:45","slug":"panuelos","status":"publish","type":"product","link":"https:\/\/genios-gt.com\/index.php\/producto\/panuelos\/","title":{"rendered":"PA\u00d1UELOS DE SEDA"},"content":{"rendered":"<h2 data-path-to-node=\"3\">El Arte de los Detalles<\/h2>\n<p data-path-to-node=\"4\"><b data-path-to-node=\"4\" data-index-in-node=\"0\">Accesorios que Definen tu Identidad<\/b><\/p>\n<p data-path-to-node=\"5\">En nuestra nueva colecci\u00f3n, creemos que la distinci\u00f3n no se trata de llevar mucho, sino de llevar lo correcto. Hemos seleccionado piezas que fusionan la <b data-path-to-node=\"5\" data-index-in-node=\"153\">maestr\u00eda artesanal<\/b> con <b data-path-to-node=\"5\" data-index-in-node=\"176\">materiales de fina seda<\/b>, dise\u00f1adas para adaptarse a cada faceta de tu vida.<\/p>\n<h4 data-path-to-node=\"5\">\u2728 Caracter\u00edsticas que nos distinguen:<\/h4>\n<ul data-path-to-node=\"6\">\n<li>\n<p data-path-to-node=\"6,0,0\"><b data-path-to-node=\"6,0,0\" data-index-in-node=\"0\">Seda de Alta Calidad:<\/b> Tejidos seleccionados por su suavidad excepcional al tacto y un brillo natural que ilumina el rostro.<\/p>\n<\/li>\n<li>\n<p data-path-to-node=\"6,1,0\"><b data-path-to-node=\"6,1,0\" data-index-in-node=\"0\">Dise\u00f1os Exclusivos:<\/b> Patrones que van desde geometr\u00edas modernas y minimalistas hasta estilos cl\u00e1sicos y n\u00e1uticos.<\/p>\n<\/li>\n<li>\n<p data-path-to-node=\"6,2,0\"><b data-path-to-node=\"6,2,0\" data-index-in-node=\"0\">Medida Ideal (55&#215;55 cm):<\/b> El tama\u00f1o perfecto para una gran variedad de nudos, desde el estilo \u00abbandana\u00bb hasta elegantes ca\u00eddas sobre el pecho.<\/p>\n<\/li>\n<li>\n<p data-path-to-node=\"6,3,0\"><b data-path-to-node=\"6,3,0\" data-index-in-node=\"0\">Producto 100% Original:<\/b> Garantizamos piezas con acabados premium y durabilidad que mantienen su elegancia uso tras uso.<\/p>\n<\/li>\n<\/ul>\n<hr data-path-to-node=\"11\" \/>\n<h2 data-path-to-node=\"12\">\ud83c\udf1f El Detalle que Transforma<\/h2>\n<p data-path-to-node=\"13\">Ya sea que prefieras tonos sobrios como el azul y blanco o colores vibrantes que expresen tu energ\u00eda, nuestra colecci\u00f3n de pa\u00f1uelos ofrece la opci\u00f3n ideal para cada ocasi\u00f3n. Es el regalo perfecto o el capricho necesario para elevar tu imagen al siguiente nivel.<\/p>\n<p data-path-to-node=\"14\"><b data-path-to-node=\"14\" data-index-in-node=\"0\">\u00a1Descubre la suavidad y el dise\u00f1o que solo nuestra seda original puede ofrecerte!<\/b><\/p>\n<p>&nbsp;<\/p>\n","protected":false},"excerpt":{"rendered":"<p>\u2714\ufe0f Material: Seda fina<\/p>\n<p>\u2714\ufe0f\u00a0Dise\u00f1o: Exclusivo<\/p>\n<p>\u2714\ufe0f Estilo: Con colores suaves, dise\u00f1os \u00fanicos.<\/p>\n<p>\ud83d\udcb5\u00a0En la compra de 2 el env\u00edo es completamente Gratis.<\/p>\n<p>\ud83c\uddec\ud83c\uddf9\u00a0Env\u00edos a todo el pa\u00eds.<\/p>\n<p>\ud83d\ude9a\u00a0Pagas al recibir<\/p>\n","protected":false},"featured_media":4633,"comment_status":"open","ping_status":"closed","template":"","meta":{"_uag_custom_page_level_css":""},"product_cat":[139],"product_tag":[],"jetpack_sharing_enabled":true,"uagb_featured_image_src":{"full":["https:\/\/genios-gt.com\/wp-content\/uploads\/2026\/02\/WhatsApp-Image-2026-02-20-at-10.21.09-PM-1.jpeg",1600,1600,false],"thumbnail":["https:\/\/genios-gt.com\/wp-content\/uploads\/2026\/02\/WhatsApp-Image-2026-02-20-at-10.21.09-PM-1-150x150.jpeg",150,150,true],"medium":["https:\/\/genios-gt.com\/wp-content\/uploads\/2026\/02\/WhatsApp-Image-2026-02-20-at-10.21.09-PM-1-300x300.jpeg",300,300,true],"medium_large":["https:\/\/genios-gt.com\/wp-content\/uploads\/2026\/02\/WhatsApp-Image-2026-02-20-at-10.21.09-PM-1-768x768.jpeg",640,640,true],"large":["https:\/\/genios-gt.com\/wp-content\/uploads\/2026\/02\/WhatsApp-Image-2026-02-20-at-10.21.09-PM-1-1024x1024.jpeg",640,640,true],"1536x1536":["https:\/\/genios-gt.com\/wp-content\/uploads\/2026\/02\/WhatsApp-Image-2026-02-20-at-10.21.09-PM-1-1536x1536.jpeg",1536,1536,true],"2048x2048":["https:\/\/genios-gt.com\/wp-content\/uploads\/2026\/02\/WhatsApp-Image-2026-02-20-at-10.21.09-PM-1.jpeg",1600,1600,false],"mailpoet_newsletter_max":["https:\/\/genios-gt.com\/wp-content\/uploads\/2026\/02\/WhatsApp-Image-2026-02-20-at-10.21.09-PM-1-1320x1320.jpeg",1320,1320,true],"woocommerce_thumbnail":["https:\/\/genios-gt.com\/wp-content\/uploads\/2026\/02\/WhatsApp-Image-2026-02-20-at-10.21.09-PM-1-320x320.jpeg",320,320,true],"woocommerce_single":["https:\/\/genios-gt.com\/wp-content\/uploads\/2026\/02\/WhatsApp-Image-2026-02-20-at-10.21.09-PM-1-600x600.jpeg",600,600,true],"woocommerce_gallery_thumbnail":["https:\/\/genios-gt.com\/wp-content\/uploads\/2026\/02\/WhatsApp-Image-2026-02-20-at-10.21.09-PM-1-100x100.jpeg",100,100,true],"variation_swatches_image_size":["https:\/\/genios-gt.com\/wp-content\/uploads\/2026\/02\/WhatsApp-Image-2026-02-20-at-10.21.09-PM-1-50x50.jpeg",50,50,true],"variation_swatches_tooltip_size":["https:\/\/genios-gt.com\/wp-content\/uploads\/2026\/02\/WhatsApp-Image-2026-02-20-at-10.21.09-PM-1-100x100.jpeg",100,100,true],"thaps-thumb-img":["https:\/\/genios-gt.com\/wp-content\/uploads\/2026\/02\/WhatsApp-Image-2026-02-20-at-10.21.09-PM-1-48x48.jpeg",48,48,true]},"uagb_author_info":{"display_name":"Yemito","author_link":"https:\/\/genios-gt.com\/index.php\/author\/"},"uagb_comment_info":0,"uagb_excerpt":"\u2714\ufe0f Material: Seda fina \u2714\ufe0f\u00a0Dise\u00f1o: Exclusivo \u2714\ufe0f Estilo: Con colores suaves, dise\u00f1os \u00fanicos. \ud83d\udcb5\u00a0En la compra de 2 el env\u00edo es completamente Gratis. \ud83c\uddec\ud83c\uddf9\u00a0Env\u00edos a todo el pa\u00eds. \ud83d\ude9a\u00a0Pagas al recibir","_links":{"self":[{"href":"https:\/\/genios-gt.com\/index.php\/wp-json\/wp\/v2\/product\/4629"}],"collection":[{"href":"https:\/\/genios-gt.com\/index.php\/wp-json\/wp\/v2\/product"}],"about":[{"href":"https:\/\/genios-gt.com\/index.php\/wp-json\/wp\/v2\/types\/product"}],"replies":[{"embeddable":true,"href":"https:\/\/genios-gt.com\/index.php\/wp-json\/wp\/v2\/comments?post=4629"}],"wp:featuredmedia":[{"embeddable":true,"href":"https:\/\/genios-gt.com\/index.php\/wp-json\/wp\/v2\/media\/4633"}],"wp:attachment":[{"href":"https:\/\/genios-gt.com\/index.php\/wp-json\/wp\/v2\/media?parent=4629"}],"wp:term":[{"taxonomy":"product_cat","embeddable":true,"href":"https:\/\/genios-gt.com\/index.php\/wp-json\/wp\/v2\/product_cat?post=4629"},{"taxonomy":"product_tag","embeddable":true,"href":"https:\/\/genios-gt.com\/index.php\/wp-json\/wp\/v2\/product_tag?post=4629"}],"curies":[{"name":"wp","href":"https:\/\/api.w.org\/{rel}","templated":true}]}}