{"id":4621,"date":"2026-02-18T16:31:43","date_gmt":"2026-02-18T22:31:43","guid":{"rendered":"https:\/\/genios-gt.com\/?post_type=product&#038;p=4621"},"modified":"2026-02-18T16:31:43","modified_gmt":"2026-02-18T22:31:43","slug":"reloj-de-cuarzo-color-azul-y-dorado-g439","status":"publish","type":"product","link":"https:\/\/genios-gt.com\/index.php\/producto\/reloj-de-cuarzo-color-azul-y-dorado-g439\/","title":{"rendered":"RELOJ DE CUARZO COLOR AZUL Y DORADO G439"},"content":{"rendered":"<p><strong>\u00abEl Tiempo en su Forma m\u00e1s Noble\u00bb<\/strong><\/p>\n<p data-path-to-node=\"9\"><b data-path-to-node=\"9\" data-index-in-node=\"0\">\u00bfEst\u00e1s listo para llevar un accesorio que hable de tu \u00e9xito antes que t\u00fa?<\/b><\/p>\n<p data-path-to-node=\"10\">Existen relojes que simplemente miden el tiempo, y piezas como el <b data-path-to-node=\"10\" data-index-in-node=\"66\">G439<\/b> que definen un estilo de vida. La combinaci\u00f3n del azul profundo con el oro rosa no es casualidad; es la paleta de colores preferida en la alta moda por su capacidad de transmitir autoridad y frescura al mismo tiempo. Es el reloj que captura la mirada en una reuni\u00f3n de negocios y despierta admiraci\u00f3n en una cena elegante.<\/p>\n<p data-path-to-node=\"11\">La textura de su correa de piel azul y el brillo c\u00e1lido de su caja dorada hacen que esta pieza sea mucho m\u00e1s que un instrumento; es una declaraci\u00f3n de principios. Para el hombre que valora la tradici\u00f3n del dise\u00f1o cl\u00e1sico pero exige la precisi\u00f3n de la tecnolog\u00eda moderna, el G439 es el compa\u00f1ero perfecto. Es un producto de <b data-path-to-node=\"11\" data-index-in-node=\"323\">importaci\u00f3n<\/b> dise\u00f1ado para destacar, resistir y acompa\u00f1arte en tus momentos m\u00e1s importantes.<\/p>\n","protected":false},"excerpt":{"rendered":"<p>\u2714\ufe0f\u00a0Material: Acero Inoxidable.<\/p>\n<p>\u2714\ufe0f\u00a0Dise\u00f1o: Robusto Elegante.<\/p>\n<p>\u2714\ufe0f\u00a0Estilo: Vaquero.<\/p>\n<p>\ud83d\udcb5\u00a0En la compra de 2 o m\u00e1s obt\u00e9n un descuento especial<\/p>\n<p>\ud83c\uddec\ud83c\uddf9\u00a0Env\u00edos a todo el pa\u00eds.<\/p>\n<p>\ud83d\ude9a\u00a0Pagas al recibir<\/p>\n","protected":false},"featured_media":4622,"comment_status":"open","ping_status":"closed","template":"","meta":{"_uag_custom_page_level_css":""},"product_cat":[38],"product_tag":[],"jetpack_sharing_enabled":true,"uagb_featured_image_src":{"full":["https:\/\/genios-gt.com\/wp-content\/uploads\/2026\/02\/WhatsApp-Image-2026-02-18-at-4.22.48-PM.jpeg",1600,1600,false],"thumbnail":["https:\/\/genios-gt.com\/wp-content\/uploads\/2026\/02\/WhatsApp-Image-2026-02-18-at-4.22.48-PM-150x150.jpeg",150,150,true],"medium":["https:\/\/genios-gt.com\/wp-content\/uploads\/2026\/02\/WhatsApp-Image-2026-02-18-at-4.22.48-PM-300x300.jpeg",300,300,true],"medium_large":["https:\/\/genios-gt.com\/wp-content\/uploads\/2026\/02\/WhatsApp-Image-2026-02-18-at-4.22.48-PM-768x768.jpeg",640,640,true],"large":["https:\/\/genios-gt.com\/wp-content\/uploads\/2026\/02\/WhatsApp-Image-2026-02-18-at-4.22.48-PM-1024x1024.jpeg",640,640,true],"1536x1536":["https:\/\/genios-gt.com\/wp-content\/uploads\/2026\/02\/WhatsApp-Image-2026-02-18-at-4.22.48-PM-1536x1536.jpeg",1536,1536,true],"2048x2048":["https:\/\/genios-gt.com\/wp-content\/uploads\/2026\/02\/WhatsApp-Image-2026-02-18-at-4.22.48-PM.jpeg",1600,1600,false],"mailpoet_newsletter_max":["https:\/\/genios-gt.com\/wp-content\/uploads\/2026\/02\/WhatsApp-Image-2026-02-18-at-4.22.48-PM-1320x1320.jpeg",1320,1320,true],"woocommerce_thumbnail":["https:\/\/genios-gt.com\/wp-content\/uploads\/2026\/02\/WhatsApp-Image-2026-02-18-at-4.22.48-PM-320x320.jpeg",320,320,true],"woocommerce_single":["https:\/\/genios-gt.com\/wp-content\/uploads\/2026\/02\/WhatsApp-Image-2026-02-18-at-4.22.48-PM-600x600.jpeg",600,600,true],"woocommerce_gallery_thumbnail":["https:\/\/genios-gt.com\/wp-content\/uploads\/2026\/02\/WhatsApp-Image-2026-02-18-at-4.22.48-PM-100x100.jpeg",100,100,true],"variation_swatches_image_size":["https:\/\/genios-gt.com\/wp-content\/uploads\/2026\/02\/WhatsApp-Image-2026-02-18-at-4.22.48-PM-50x50.jpeg",50,50,true],"variation_swatches_tooltip_size":["https:\/\/genios-gt.com\/wp-content\/uploads\/2026\/02\/WhatsApp-Image-2026-02-18-at-4.22.48-PM-100x100.jpeg",100,100,true],"thaps-thumb-img":["https:\/\/genios-gt.com\/wp-content\/uploads\/2026\/02\/WhatsApp-Image-2026-02-18-at-4.22.48-PM-48x48.jpeg",48,48,true]},"uagb_author_info":{"display_name":"Yemito","author_link":"https:\/\/genios-gt.com\/index.php\/author\/"},"uagb_comment_info":0,"uagb_excerpt":"\u2714\ufe0f\u00a0Material: Acero Inoxidable. \u2714\ufe0f\u00a0Dise\u00f1o: Robusto Elegante. \u2714\ufe0f\u00a0Estilo: Vaquero. \ud83d\udcb5\u00a0En la compra de 2 o m\u00e1s obt\u00e9n un descuento especial \ud83c\uddec\ud83c\uddf9\u00a0Env\u00edos a todo el pa\u00eds. \ud83d\ude9a\u00a0Pagas al recibir","_links":{"self":[{"href":"https:\/\/genios-gt.com\/index.php\/wp-json\/wp\/v2\/product\/4621"}],"collection":[{"href":"https:\/\/genios-gt.com\/index.php\/wp-json\/wp\/v2\/product"}],"about":[{"href":"https:\/\/genios-gt.com\/index.php\/wp-json\/wp\/v2\/types\/product"}],"replies":[{"embeddable":true,"href":"https:\/\/genios-gt.com\/index.php\/wp-json\/wp\/v2\/comments?post=4621"}],"wp:featuredmedia":[{"embeddable":true,"href":"https:\/\/genios-gt.com\/index.php\/wp-json\/wp\/v2\/media\/4622"}],"wp:attachment":[{"href":"https:\/\/genios-gt.com\/index.php\/wp-json\/wp\/v2\/media?parent=4621"}],"wp:term":[{"taxonomy":"product_cat","embeddable":true,"href":"https:\/\/genios-gt.com\/index.php\/wp-json\/wp\/v2\/product_cat?post=4621"},{"taxonomy":"product_tag","embeddable":true,"href":"https:\/\/genios-gt.com\/index.php\/wp-json\/wp\/v2\/product_tag?post=4621"}],"curies":[{"name":"wp","href":"https:\/\/api.w.org\/{rel}","templated":true}]}}