{"id":4619,"date":"2026-02-18T16:28:37","date_gmt":"2026-02-18T22:28:37","guid":{"rendered":"https:\/\/genios-gt.com\/?post_type=product&#038;p=4619"},"modified":"2026-02-18T16:29:04","modified_gmt":"2026-02-18T22:29:04","slug":"reloj-de-cuarzo-color-negro-g444","status":"publish","type":"product","link":"https:\/\/genios-gt.com\/index.php\/producto\/reloj-de-cuarzo-color-negro-g444\/","title":{"rendered":"RELOJ DE CUARZO COLOR NEGRO G444"},"content":{"rendered":"<p><strong>\u00abLa Autoridad del Negro y el Oro\u00bb<\/strong><\/p>\n<p data-path-to-node=\"9\"><b data-path-to-node=\"9\" data-index-in-node=\"0\">\u00bfBuscas el accesorio definitivo para proyectar una imagen de \u00e9xito?<\/b><\/p>\n<p data-path-to-node=\"10\">Hay combinaciones que son infalibles, y el negro con dorado es, sin duda, la m\u00e1s poderosa en la relojer\u00eda. El <b data-path-to-node=\"10\" data-index-in-node=\"110\">Reloj G444<\/b> ha sido dise\u00f1ado para el hombre que no teme destacar a trav\u00e9s de la sobriedad. Mientras que otros relojes compiten por atenci\u00f3n con colores brillantes, este modelo se impone por su presencia s\u00f3lida, profesional y profundamente elegante.<\/p>\n<p data-path-to-node=\"11\">Es el compa\u00f1ero perfecto para un traje a medida o una combinaci\u00f3n de blazer y camisa blanca. La pulsera de piel negra aporta una comodidad excepcional, mientras que el dial detallado revela una personalidad que valora la precisi\u00f3n y el orden. Es m\u00e1s que un reloj de <b data-path-to-node=\"11\" data-index-in-node=\"266\">importaci\u00f3n<\/b>; es la herramienta que completa tu armadura diaria para enfrentar los retos con estilo.<\/p>\n","protected":false},"excerpt":{"rendered":"<p>\u2714\ufe0f\u00a0Material: Acero Inoxidable.<\/p>\n<p>\u2714\ufe0f\u00a0Dise\u00f1o: Robusto Elegante.<\/p>\n<p>\u2714\ufe0f\u00a0Estilo: Vaquero.<\/p>\n<p>\ud83d\udcb5\u00a0En la compra de 2 o m\u00e1s obt\u00e9n un descuento especial<\/p>\n<p>\ud83c\uddec\ud83c\uddf9\u00a0Env\u00edos a todo el pa\u00eds.<\/p>\n<p>\ud83d\ude9a\u00a0Pagas al recibir<\/p>\n","protected":false},"featured_media":4620,"comment_status":"open","ping_status":"closed","template":"","meta":{"_uag_custom_page_level_css":""},"product_cat":[38],"product_tag":[],"jetpack_sharing_enabled":true,"uagb_featured_image_src":{"full":["https:\/\/genios-gt.com\/wp-content\/uploads\/2026\/02\/WhatsApp-Image-2026-02-18-at-4.22.49-PM-1.jpeg",1600,1600,false],"thumbnail":["https:\/\/genios-gt.com\/wp-content\/uploads\/2026\/02\/WhatsApp-Image-2026-02-18-at-4.22.49-PM-1-150x150.jpeg",150,150,true],"medium":["https:\/\/genios-gt.com\/wp-content\/uploads\/2026\/02\/WhatsApp-Image-2026-02-18-at-4.22.49-PM-1-300x300.jpeg",300,300,true],"medium_large":["https:\/\/genios-gt.com\/wp-content\/uploads\/2026\/02\/WhatsApp-Image-2026-02-18-at-4.22.49-PM-1-768x768.jpeg",640,640,true],"large":["https:\/\/genios-gt.com\/wp-content\/uploads\/2026\/02\/WhatsApp-Image-2026-02-18-at-4.22.49-PM-1-1024x1024.jpeg",640,640,true],"1536x1536":["https:\/\/genios-gt.com\/wp-content\/uploads\/2026\/02\/WhatsApp-Image-2026-02-18-at-4.22.49-PM-1-1536x1536.jpeg",1536,1536,true],"2048x2048":["https:\/\/genios-gt.com\/wp-content\/uploads\/2026\/02\/WhatsApp-Image-2026-02-18-at-4.22.49-PM-1.jpeg",1600,1600,false],"mailpoet_newsletter_max":["https:\/\/genios-gt.com\/wp-content\/uploads\/2026\/02\/WhatsApp-Image-2026-02-18-at-4.22.49-PM-1-1320x1320.jpeg",1320,1320,true],"woocommerce_thumbnail":["https:\/\/genios-gt.com\/wp-content\/uploads\/2026\/02\/WhatsApp-Image-2026-02-18-at-4.22.49-PM-1-320x320.jpeg",320,320,true],"woocommerce_single":["https:\/\/genios-gt.com\/wp-content\/uploads\/2026\/02\/WhatsApp-Image-2026-02-18-at-4.22.49-PM-1-600x600.jpeg",600,600,true],"woocommerce_gallery_thumbnail":["https:\/\/genios-gt.com\/wp-content\/uploads\/2026\/02\/WhatsApp-Image-2026-02-18-at-4.22.49-PM-1-100x100.jpeg",100,100,true],"variation_swatches_image_size":["https:\/\/genios-gt.com\/wp-content\/uploads\/2026\/02\/WhatsApp-Image-2026-02-18-at-4.22.49-PM-1-50x50.jpeg",50,50,true],"variation_swatches_tooltip_size":["https:\/\/genios-gt.com\/wp-content\/uploads\/2026\/02\/WhatsApp-Image-2026-02-18-at-4.22.49-PM-1-100x100.jpeg",100,100,true],"thaps-thumb-img":["https:\/\/genios-gt.com\/wp-content\/uploads\/2026\/02\/WhatsApp-Image-2026-02-18-at-4.22.49-PM-1-48x48.jpeg",48,48,true]},"uagb_author_info":{"display_name":"Yemito","author_link":"https:\/\/genios-gt.com\/index.php\/author\/"},"uagb_comment_info":0,"uagb_excerpt":"\u2714\ufe0f\u00a0Material: Acero Inoxidable. \u2714\ufe0f\u00a0Dise\u00f1o: Robusto Elegante. \u2714\ufe0f\u00a0Estilo: Vaquero. \ud83d\udcb5\u00a0En la compra de 2 o m\u00e1s obt\u00e9n un descuento especial \ud83c\uddec\ud83c\uddf9\u00a0Env\u00edos a todo el pa\u00eds. \ud83d\ude9a\u00a0Pagas al recibir","_links":{"self":[{"href":"https:\/\/genios-gt.com\/index.php\/wp-json\/wp\/v2\/product\/4619"}],"collection":[{"href":"https:\/\/genios-gt.com\/index.php\/wp-json\/wp\/v2\/product"}],"about":[{"href":"https:\/\/genios-gt.com\/index.php\/wp-json\/wp\/v2\/types\/product"}],"replies":[{"embeddable":true,"href":"https:\/\/genios-gt.com\/index.php\/wp-json\/wp\/v2\/comments?post=4619"}],"wp:featuredmedia":[{"embeddable":true,"href":"https:\/\/genios-gt.com\/index.php\/wp-json\/wp\/v2\/media\/4620"}],"wp:attachment":[{"href":"https:\/\/genios-gt.com\/index.php\/wp-json\/wp\/v2\/media?parent=4619"}],"wp:term":[{"taxonomy":"product_cat","embeddable":true,"href":"https:\/\/genios-gt.com\/index.php\/wp-json\/wp\/v2\/product_cat?post=4619"},{"taxonomy":"product_tag","embeddable":true,"href":"https:\/\/genios-gt.com\/index.php\/wp-json\/wp\/v2\/product_tag?post=4619"}],"curies":[{"name":"wp","href":"https:\/\/api.w.org\/{rel}","templated":true}]}}