{"id":4615,"date":"2026-02-18T12:18:36","date_gmt":"2026-02-18T18:18:36","guid":{"rendered":"https:\/\/genios-gt.com\/?post_type=product&#038;p=4615"},"modified":"2026-02-18T12:18:36","modified_gmt":"2026-02-18T18:18:36","slug":"reloj-de-aguja-color-verde-g437","status":"publish","type":"product","link":"https:\/\/genios-gt.com\/index.php\/producto\/reloj-de-aguja-color-verde-g437\/","title":{"rendered":"RELOJ DE AGUJA COLOR VERDE G437"},"content":{"rendered":"<p><strong>\u00abLa Distinci\u00f3n est\u00e1 en el Color\u00bb<\/strong><\/p>\n<p data-path-to-node=\"10\">El <b data-path-to-node=\"10\" data-index-in-node=\"3\">Reloj G436<\/b> ha sido creado para el hombre que sabe que los detalles lo son todo. Mientras que la mayor\u00eda opta por lo tradicional, el verde bosque de su correa de piel comunica una personalidad equilibrada, madura y, sobre todo, original. Es el equilibrio perfecto entre la fuerza del acero negro y la serenidad de los tonos org\u00e1nicos.<\/p>\n<p data-path-to-node=\"11\">Este reloj no solo da la hora; eleva cualquier atuendo casual o semi-formal, convirti\u00e9ndose en el centro de atenci\u00f3n de forma sutil y elegante. Es la pieza ideal para quien busca un accesorio vers\u00e1til que funcione tanto en una reuni\u00f3n creativa como en una cena importante. Su dise\u00f1o de importaci\u00f3n garantiza que llevas contigo una pieza de <b data-path-to-node=\"11\" data-index-in-node=\"340\">alta calidad<\/b> que refleja tu \u00e9xito y tu buen gusto.<\/p>\n","protected":false},"excerpt":{"rendered":"<p>\u2714\ufe0f\u00a0Material: Acero Inoxidable.<\/p>\n<p>\u2714\ufe0f\u00a0Dise\u00f1o: Robusto Elegante.<\/p>\n<p>\u2714\ufe0f\u00a0Estilo: Vaquero.<\/p>\n<p>\ud83d\udcb5\u00a0En la compra de 2 o m\u00e1s obt\u00e9n un descuento especial<\/p>\n<p>\ud83c\uddec\ud83c\uddf9\u00a0Env\u00edos a todo el pa\u00eds.<\/p>\n<p>\ud83d\ude9a\u00a0Pagas al recibir<\/p>\n","protected":false},"featured_media":4616,"comment_status":"open","ping_status":"closed","template":"","meta":{"_uag_custom_page_level_css":""},"product_cat":[38],"product_tag":[],"jetpack_sharing_enabled":true,"uagb_featured_image_src":{"full":["https:\/\/genios-gt.com\/wp-content\/uploads\/2026\/02\/WhatsApp-Image-2026-02-18-at-12.03.03-PM-1.jpeg",1600,1600,false],"thumbnail":["https:\/\/genios-gt.com\/wp-content\/uploads\/2026\/02\/WhatsApp-Image-2026-02-18-at-12.03.03-PM-1-150x150.jpeg",150,150,true],"medium":["https:\/\/genios-gt.com\/wp-content\/uploads\/2026\/02\/WhatsApp-Image-2026-02-18-at-12.03.03-PM-1-300x300.jpeg",300,300,true],"medium_large":["https:\/\/genios-gt.com\/wp-content\/uploads\/2026\/02\/WhatsApp-Image-2026-02-18-at-12.03.03-PM-1-768x768.jpeg",640,640,true],"large":["https:\/\/genios-gt.com\/wp-content\/uploads\/2026\/02\/WhatsApp-Image-2026-02-18-at-12.03.03-PM-1-1024x1024.jpeg",640,640,true],"1536x1536":["https:\/\/genios-gt.com\/wp-content\/uploads\/2026\/02\/WhatsApp-Image-2026-02-18-at-12.03.03-PM-1-1536x1536.jpeg",1536,1536,true],"2048x2048":["https:\/\/genios-gt.com\/wp-content\/uploads\/2026\/02\/WhatsApp-Image-2026-02-18-at-12.03.03-PM-1.jpeg",1600,1600,false],"mailpoet_newsletter_max":["https:\/\/genios-gt.com\/wp-content\/uploads\/2026\/02\/WhatsApp-Image-2026-02-18-at-12.03.03-PM-1-1320x1320.jpeg",1320,1320,true],"woocommerce_thumbnail":["https:\/\/genios-gt.com\/wp-content\/uploads\/2026\/02\/WhatsApp-Image-2026-02-18-at-12.03.03-PM-1-320x320.jpeg",320,320,true],"woocommerce_single":["https:\/\/genios-gt.com\/wp-content\/uploads\/2026\/02\/WhatsApp-Image-2026-02-18-at-12.03.03-PM-1-600x600.jpeg",600,600,true],"woocommerce_gallery_thumbnail":["https:\/\/genios-gt.com\/wp-content\/uploads\/2026\/02\/WhatsApp-Image-2026-02-18-at-12.03.03-PM-1-100x100.jpeg",100,100,true],"variation_swatches_image_size":["https:\/\/genios-gt.com\/wp-content\/uploads\/2026\/02\/WhatsApp-Image-2026-02-18-at-12.03.03-PM-1-50x50.jpeg",50,50,true],"variation_swatches_tooltip_size":["https:\/\/genios-gt.com\/wp-content\/uploads\/2026\/02\/WhatsApp-Image-2026-02-18-at-12.03.03-PM-1-100x100.jpeg",100,100,true],"thaps-thumb-img":["https:\/\/genios-gt.com\/wp-content\/uploads\/2026\/02\/WhatsApp-Image-2026-02-18-at-12.03.03-PM-1-48x48.jpeg",48,48,true]},"uagb_author_info":{"display_name":"Yemito","author_link":"https:\/\/genios-gt.com\/index.php\/author\/"},"uagb_comment_info":0,"uagb_excerpt":"\u2714\ufe0f\u00a0Material: Acero Inoxidable. \u2714\ufe0f\u00a0Dise\u00f1o: Robusto Elegante. \u2714\ufe0f\u00a0Estilo: Vaquero. \ud83d\udcb5\u00a0En la compra de 2 o m\u00e1s obt\u00e9n un descuento especial \ud83c\uddec\ud83c\uddf9\u00a0Env\u00edos a todo el pa\u00eds. \ud83d\ude9a\u00a0Pagas al recibir","_links":{"self":[{"href":"https:\/\/genios-gt.com\/index.php\/wp-json\/wp\/v2\/product\/4615"}],"collection":[{"href":"https:\/\/genios-gt.com\/index.php\/wp-json\/wp\/v2\/product"}],"about":[{"href":"https:\/\/genios-gt.com\/index.php\/wp-json\/wp\/v2\/types\/product"}],"replies":[{"embeddable":true,"href":"https:\/\/genios-gt.com\/index.php\/wp-json\/wp\/v2\/comments?post=4615"}],"wp:featuredmedia":[{"embeddable":true,"href":"https:\/\/genios-gt.com\/index.php\/wp-json\/wp\/v2\/media\/4616"}],"wp:attachment":[{"href":"https:\/\/genios-gt.com\/index.php\/wp-json\/wp\/v2\/media?parent=4615"}],"wp:term":[{"taxonomy":"product_cat","embeddable":true,"href":"https:\/\/genios-gt.com\/index.php\/wp-json\/wp\/v2\/product_cat?post=4615"},{"taxonomy":"product_tag","embeddable":true,"href":"https:\/\/genios-gt.com\/index.php\/wp-json\/wp\/v2\/product_tag?post=4615"}],"curies":[{"name":"wp","href":"https:\/\/api.w.org\/{rel}","templated":true}]}}