{"id":4329,"date":"2025-10-27T18:44:38","date_gmt":"2025-10-28T00:44:38","guid":{"rendered":"https:\/\/genios-gt.com\/?post_type=product&#038;p=4329"},"modified":"2025-10-27T18:44:38","modified_gmt":"2025-10-28T00:44:38","slug":"pulsera-magnetica-de-cobre-g327","status":"publish","type":"product","link":"https:\/\/genios-gt.com\/index.php\/producto\/pulsera-magnetica-de-cobre-g327\/","title":{"rendered":"PULSERA MAGNETICA DE COBRE G327"},"content":{"rendered":"<p><strong>Pulsera Magn\u00e9tica de Cobre G327 \u2013 Bienestar natural con estilo<\/strong><\/p>\n<p>Descubre el equilibrio perfecto entre dise\u00f1o, salud y tecnolog\u00eda con nuestra pulsera antiestr\u00e9s magn\u00e9tica G327, elaborada en 100% cobre puro y equipada con potentes imanes de neodimio. Esta fusi\u00f3n potencia los beneficios de la magnetoterapia y las propiedades naturales del cobre.<\/p>\n<p>Beneficios destacados:<br \/>\n\u2714 Ayuda a aliviar dolores musculares, articulares y de cabeza<br \/>\n\u2714 Reduce el estr\u00e9s, la ansiedad y mejora la circulaci\u00f3n<br \/>\n\u2714 Recomendada para problemas como t\u00fanel carpiano, tendinitis, migra\u00f1as y recuperaci\u00f3n postoperatoria<br \/>\n\u2714 Dise\u00f1o abierto y c\u00f3modo, ideal para uso diario<\/p>\n<p><strong>Caracter\u00edsticas:<\/strong><br \/>\n\u2013 Material: Cobre puro con imanes de neodimio<br \/>\n\u2013 Talla: Abierta y adaptable<br \/>\n\u2013 Peso: 43 g<br \/>\n\u2013 Grosor: 1.5 mm<br \/>\n\u2013 C\u00f3digo: G327<\/p>\n<p>\u2705 Elegante, terap\u00e9utica y resistente<br \/>\n\ud83d\udcf2 WhatsApp: 5814-4154<br \/>\n\ud83c\udf10 www.genios-gt.com<br \/>\n\u00a1Paga al recibir!<\/p>\n<p>Cuida tu salud con estilo y tecnolog\u00eda natural.<\/p>\n","protected":false},"excerpt":{"rendered":"<p>\u2714\ufe0fMaterial: Cobre con imanes de neodimio<\/p>\n<p>\u2714\ufe0fTalla: Abierta Ajustable.<\/p>\n<p>\u2714\ufe0fDise\u00f1o: Grueso labrado<\/p>\n<p>\u2714\ufe0fEstilo:\u00a0 Elegante<\/p>\n<p>\ud83d\udcb5\u00a0En la compra de 2 o mas Envi\u00f3 Gratis.<\/p>\n<p>\ud83c\uddec\ud83c\uddf9\u00a0Env\u00edos a todo el pais.<\/p>\n<p>\ud83d\ude9a\u00a0Pagas al recibir.<\/p>\n","protected":false},"featured_media":4330,"comment_status":"open","ping_status":"closed","template":"","meta":{"_uag_custom_page_level_css":""},"product_cat":[57],"product_tag":[],"jetpack_sharing_enabled":true,"uagb_featured_image_src":{"full":["https:\/\/genios-gt.com\/wp-content\/uploads\/2025\/10\/COBRE-LABRADO-ANCHO-scaled.jpg",2560,2560,false],"thumbnail":["https:\/\/genios-gt.com\/wp-content\/uploads\/2025\/10\/COBRE-LABRADO-ANCHO-150x150.jpg",150,150,true],"medium":["https:\/\/genios-gt.com\/wp-content\/uploads\/2025\/10\/COBRE-LABRADO-ANCHO-300x300.jpg",300,300,true],"medium_large":["https:\/\/genios-gt.com\/wp-content\/uploads\/2025\/10\/COBRE-LABRADO-ANCHO-768x768.jpg",640,640,true],"large":["https:\/\/genios-gt.com\/wp-content\/uploads\/2025\/10\/COBRE-LABRADO-ANCHO-1024x1024.jpg",640,640,true],"1536x1536":["https:\/\/genios-gt.com\/wp-content\/uploads\/2025\/10\/COBRE-LABRADO-ANCHO-1536x1536.jpg",1536,1536,true],"2048x2048":["https:\/\/genios-gt.com\/wp-content\/uploads\/2025\/10\/COBRE-LABRADO-ANCHO-2048x2048.jpg",2048,2048,true],"mailpoet_newsletter_max":["https:\/\/genios-gt.com\/wp-content\/uploads\/2025\/10\/COBRE-LABRADO-ANCHO-1320x1320.jpg",1320,1320,true],"woocommerce_thumbnail":["https:\/\/genios-gt.com\/wp-content\/uploads\/2025\/10\/COBRE-LABRADO-ANCHO-320x320.jpg",320,320,true],"woocommerce_single":["https:\/\/genios-gt.com\/wp-content\/uploads\/2025\/10\/COBRE-LABRADO-ANCHO-600x600.jpg",600,600,true],"woocommerce_gallery_thumbnail":["https:\/\/genios-gt.com\/wp-content\/uploads\/2025\/10\/COBRE-LABRADO-ANCHO-100x100.jpg",100,100,true],"variation_swatches_image_size":["https:\/\/genios-gt.com\/wp-content\/uploads\/2025\/10\/COBRE-LABRADO-ANCHO-50x50.jpg",50,50,true],"variation_swatches_tooltip_size":["https:\/\/genios-gt.com\/wp-content\/uploads\/2025\/10\/COBRE-LABRADO-ANCHO-100x100.jpg",100,100,true],"thaps-thumb-img":["https:\/\/genios-gt.com\/wp-content\/uploads\/2025\/10\/COBRE-LABRADO-ANCHO-48x48.jpg",48,48,true]},"uagb_author_info":{"display_name":"Yemito","author_link":"https:\/\/genios-gt.com\/index.php\/author\/"},"uagb_comment_info":0,"uagb_excerpt":"\u2714\ufe0fMaterial: Cobre con imanes de neodimio \u2714\ufe0fTalla: Abierta Ajustable. \u2714\ufe0fDise\u00f1o: Grueso labrado \u2714\ufe0fEstilo:\u00a0 Elegante \ud83d\udcb5\u00a0En la compra de 2 o mas Envi\u00f3 Gratis. \ud83c\uddec\ud83c\uddf9\u00a0Env\u00edos a todo el pais. \ud83d\ude9a\u00a0Pagas al recibir.","_links":{"self":[{"href":"https:\/\/genios-gt.com\/index.php\/wp-json\/wp\/v2\/product\/4329"}],"collection":[{"href":"https:\/\/genios-gt.com\/index.php\/wp-json\/wp\/v2\/product"}],"about":[{"href":"https:\/\/genios-gt.com\/index.php\/wp-json\/wp\/v2\/types\/product"}],"replies":[{"embeddable":true,"href":"https:\/\/genios-gt.com\/index.php\/wp-json\/wp\/v2\/comments?post=4329"}],"wp:featuredmedia":[{"embeddable":true,"href":"https:\/\/genios-gt.com\/index.php\/wp-json\/wp\/v2\/media\/4330"}],"wp:attachment":[{"href":"https:\/\/genios-gt.com\/index.php\/wp-json\/wp\/v2\/media?parent=4329"}],"wp:term":[{"taxonomy":"product_cat","embeddable":true,"href":"https:\/\/genios-gt.com\/index.php\/wp-json\/wp\/v2\/product_cat?post=4329"},{"taxonomy":"product_tag","embeddable":true,"href":"https:\/\/genios-gt.com\/index.php\/wp-json\/wp\/v2\/product_tag?post=4329"}],"curies":[{"name":"wp","href":"https:\/\/api.w.org\/{rel}","templated":true}]}}