{"id":4327,"date":"2025-10-27T17:11:49","date_gmt":"2025-10-27T23:11:49","guid":{"rendered":"https:\/\/genios-gt.com\/?post_type=product&#038;p=4327"},"modified":"2025-10-28T17:25:09","modified_gmt":"2025-10-28T23:25:09","slug":"pulsera-magnetica-g315","status":"publish","type":"product","link":"https:\/\/genios-gt.com\/index.php\/producto\/pulsera-magnetica-g315\/","title":{"rendered":"PULSERA MAGNETICA G315"},"content":{"rendered":"<p>Pulsera Magn\u00e9tica Azul G315 \u2013 Elegancia, Fuerza y Bienestar en una sola pieza<\/p>\n<p>Experimenta el poder del dise\u00f1o y la tecnolog\u00eda con nuestra pulsera antiestr\u00e9s modelo G315, elaborada en acero inoxidable de alta calidad y equipada con imanes terap\u00e9uticos que promueven el equilibrio y el bienestar f\u00edsico y emocional.<\/p>\n<p>Beneficios:<br \/>\n\u2714 Ayuda a aliviar el estr\u00e9s, ansiedad y dolores articulares<br \/>\n\u2714 Estimula la circulaci\u00f3n y mejora el descanso<br \/>\n\u2714 Dise\u00f1o moderno, resistente y con ajuste perfecto<\/p>\n<p>Especificaciones:<br \/>\n\u2013 Material: Acero 100% con imanes de neodimio<br \/>\n\u2013 Componentes activos: Germanio, hematita, infrarrojo, ion negativo y turmalina<\/p>\n<p>\u2013 Talla: 23 cm ajustable<br \/>\n\u2013 Peso: 60 g<br \/>\n\u2013 Grosor: 1.5 mm<br \/>\n\u2013 C\u00f3digo: G315<\/p>\n<p>\u2705 Pago contra entrega<br \/>\n\ud83d\udcf2 WhatsApp: 5814-4154<br \/>\n\ud83c\udf10 www.genios-gt.com<\/p>\n<p>Una pulsera que no solo se ve bien, \u00a1sino que tambi\u00e9n te hace sentir mejor!<\/p>\n","protected":false},"excerpt":{"rendered":"<p>\u2714\ufe0fMaterial: Acero inoxidable.<\/p>\n<p>\u2714\ufe0fTalla 23cm. Ajustable.<\/p>\n<p>\u2714\ufe0fDise\u00f1o: Grueso de eslabones<\/p>\n<p>\u2714\ufe0fEstilo: Elegante<\/p>\n<p>\ud83d\udcb5\u00a0En la compra de 2 o mas Envi\u00f3 Gratis.<\/p>\n<p>\ud83c\uddec\ud83c\uddf9\u00a0Env\u00edos a todo el pais.<\/p>\n<p>\ud83d\ude9a\u00a0Pagas al recibir.<\/p>\n","protected":false},"featured_media":4328,"comment_status":"open","ping_status":"closed","template":"","meta":{"_uag_custom_page_level_css":""},"product_cat":[57],"product_tag":[],"jetpack_sharing_enabled":true,"uagb_featured_image_src":{"full":["https:\/\/genios-gt.com\/wp-content\/uploads\/2025\/10\/AZUL-GRUESA-scaled.jpg",2560,2560,false],"thumbnail":["https:\/\/genios-gt.com\/wp-content\/uploads\/2025\/10\/AZUL-GRUESA-150x150.jpg",150,150,true],"medium":["https:\/\/genios-gt.com\/wp-content\/uploads\/2025\/10\/AZUL-GRUESA-300x300.jpg",300,300,true],"medium_large":["https:\/\/genios-gt.com\/wp-content\/uploads\/2025\/10\/AZUL-GRUESA-768x768.jpg",640,640,true],"large":["https:\/\/genios-gt.com\/wp-content\/uploads\/2025\/10\/AZUL-GRUESA-1024x1024.jpg",640,640,true],"1536x1536":["https:\/\/genios-gt.com\/wp-content\/uploads\/2025\/10\/AZUL-GRUESA-1536x1536.jpg",1536,1536,true],"2048x2048":["https:\/\/genios-gt.com\/wp-content\/uploads\/2025\/10\/AZUL-GRUESA-2048x2048.jpg",2048,2048,true],"mailpoet_newsletter_max":["https:\/\/genios-gt.com\/wp-content\/uploads\/2025\/10\/AZUL-GRUESA-1320x1320.jpg",1320,1320,true],"woocommerce_thumbnail":["https:\/\/genios-gt.com\/wp-content\/uploads\/2025\/10\/AZUL-GRUESA-320x320.jpg",320,320,true],"woocommerce_single":["https:\/\/genios-gt.com\/wp-content\/uploads\/2025\/10\/AZUL-GRUESA-600x600.jpg",600,600,true],"woocommerce_gallery_thumbnail":["https:\/\/genios-gt.com\/wp-content\/uploads\/2025\/10\/AZUL-GRUESA-100x100.jpg",100,100,true],"variation_swatches_image_size":["https:\/\/genios-gt.com\/wp-content\/uploads\/2025\/10\/AZUL-GRUESA-50x50.jpg",50,50,true],"variation_swatches_tooltip_size":["https:\/\/genios-gt.com\/wp-content\/uploads\/2025\/10\/AZUL-GRUESA-100x100.jpg",100,100,true],"thaps-thumb-img":["https:\/\/genios-gt.com\/wp-content\/uploads\/2025\/10\/AZUL-GRUESA-48x48.jpg",48,48,true]},"uagb_author_info":{"display_name":"Yemito","author_link":"https:\/\/genios-gt.com\/index.php\/author\/"},"uagb_comment_info":0,"uagb_excerpt":"\u2714\ufe0fMaterial: Acero inoxidable. \u2714\ufe0fTalla 23cm. Ajustable. \u2714\ufe0fDise\u00f1o: Grueso de eslabones \u2714\ufe0fEstilo: Elegante \ud83d\udcb5\u00a0En la compra de 2 o mas Envi\u00f3 Gratis. \ud83c\uddec\ud83c\uddf9\u00a0Env\u00edos a todo el pais. \ud83d\ude9a\u00a0Pagas al recibir.","_links":{"self":[{"href":"https:\/\/genios-gt.com\/index.php\/wp-json\/wp\/v2\/product\/4327"}],"collection":[{"href":"https:\/\/genios-gt.com\/index.php\/wp-json\/wp\/v2\/product"}],"about":[{"href":"https:\/\/genios-gt.com\/index.php\/wp-json\/wp\/v2\/types\/product"}],"replies":[{"embeddable":true,"href":"https:\/\/genios-gt.com\/index.php\/wp-json\/wp\/v2\/comments?post=4327"}],"wp:featuredmedia":[{"embeddable":true,"href":"https:\/\/genios-gt.com\/index.php\/wp-json\/wp\/v2\/media\/4328"}],"wp:attachment":[{"href":"https:\/\/genios-gt.com\/index.php\/wp-json\/wp\/v2\/media?parent=4327"}],"wp:term":[{"taxonomy":"product_cat","embeddable":true,"href":"https:\/\/genios-gt.com\/index.php\/wp-json\/wp\/v2\/product_cat?post=4327"},{"taxonomy":"product_tag","embeddable":true,"href":"https:\/\/genios-gt.com\/index.php\/wp-json\/wp\/v2\/product_tag?post=4327"}],"curies":[{"name":"wp","href":"https:\/\/api.w.org\/{rel}","templated":true}]}}