{"id":3948,"date":"2024-12-09T19:42:06","date_gmt":"2024-12-10T01:42:06","guid":{"rendered":"https:\/\/genios-gt.com\/?post_type=product&#038;p=3948"},"modified":"2025-01-08T16:43:52","modified_gmt":"2025-01-08T22:43:52","slug":"anillo-dorado-con-piedra-negra-cuadrado-g-17","status":"publish","type":"product","link":"https:\/\/genios-gt.com\/index.php\/producto\/anillo-dorado-con-piedra-negra-cuadrado-g-17\/","title":{"rendered":"ANILLO DORADO CON PIEDRA NEGRA AJUSTABLE G17"},"content":{"rendered":"<p>\u00a0<\/p>\n<p><strong>Anillo Dorado con Piedra Negra Cuadrada para Caballero Estilo Hip Hop:<\/strong><\/p>\n<p>Este anillo tiene un dise\u00f1o audaz y llamativo, ideal para un caballero que sigue las tendencias del estilo hip hop. Hecho de metal de aleaci\u00f3n, con un acabado brillante, que resalta la elegancia y el lujo del dise\u00f1o. En el centro del anillo, se encuentra una piedra cuadrada de color negro, que se coloca de forma prominente. La piedra de cristal de alta calidad, con un corte preciso y n\u00edtido que le da un toque moderno y elegante.<\/p>\n<p>El anillo tiene bordes gruesos, t\u00edpicos del estilo hip hop, y una estructura robusta que aporta un aire de fuerza y sofisticaci\u00f3n. El dise\u00f1o de la banda es ancha, y puede incluir detalles grabados o texturizados, agregando un toque de car\u00e1cter y personalidad. La piedra negra, con su aspecto elegante y misterioso, es el centro de atenci\u00f3n, destac\u00e1ndose por su contraste con el dorado brillante.<\/p>\n<p>Este anillo es perfecto para quien busca un accesorio llamativo y con actitud, que combine lujo, poder y estilo, siguiendo la est\u00e9tica caracter\u00edstica del mundo del hip hop.<\/p>\n","protected":false},"excerpt":{"rendered":"<p>\u2714\ufe0fMaterial: Aleaci\u00f3n.<\/p>\n<p>\u2714\ufe0fDise\u00f1o: Elegante Deslumbrante .<\/p>\n<p>\u2714\ufe0fEstilo: Hip Hop.<\/p>\n<p>\ud83d\udcb5\u00a0En la compra de 2 o mas obt\u00e9n un descuento especial<\/p>\n<p>\ud83c\uddec\ud83c\uddf9\u00a0Env\u00edos a todo el pa\u00eds.<\/p>\n","protected":false},"featured_media":3950,"comment_status":"open","ping_status":"closed","template":"","meta":{"_uag_custom_page_level_css":""},"product_cat":[21],"product_tag":[],"jetpack_sharing_enabled":true,"uagb_featured_image_src":{"full":["https:\/\/genios-gt.com\/wp-content\/uploads\/2024\/12\/Imagen-de-WhatsApp-2024-12-09-a-las-19.34.59_6c1a2094.jpg",800,800,false],"thumbnail":["https:\/\/genios-gt.com\/wp-content\/uploads\/2024\/12\/Imagen-de-WhatsApp-2024-12-09-a-las-19.34.59_6c1a2094-150x150.jpg",150,150,true],"medium":["https:\/\/genios-gt.com\/wp-content\/uploads\/2024\/12\/Imagen-de-WhatsApp-2024-12-09-a-las-19.34.59_6c1a2094-300x300.jpg",300,300,true],"medium_large":["https:\/\/genios-gt.com\/wp-content\/uploads\/2024\/12\/Imagen-de-WhatsApp-2024-12-09-a-las-19.34.59_6c1a2094-768x768.jpg",640,640,true],"large":["https:\/\/genios-gt.com\/wp-content\/uploads\/2024\/12\/Imagen-de-WhatsApp-2024-12-09-a-las-19.34.59_6c1a2094.jpg",640,640,false],"1536x1536":["https:\/\/genios-gt.com\/wp-content\/uploads\/2024\/12\/Imagen-de-WhatsApp-2024-12-09-a-las-19.34.59_6c1a2094.jpg",800,800,false],"2048x2048":["https:\/\/genios-gt.com\/wp-content\/uploads\/2024\/12\/Imagen-de-WhatsApp-2024-12-09-a-las-19.34.59_6c1a2094.jpg",800,800,false],"mailpoet_newsletter_max":["https:\/\/genios-gt.com\/wp-content\/uploads\/2024\/12\/Imagen-de-WhatsApp-2024-12-09-a-las-19.34.59_6c1a2094.jpg",800,800,false],"woocommerce_thumbnail":["https:\/\/genios-gt.com\/wp-content\/uploads\/2024\/12\/Imagen-de-WhatsApp-2024-12-09-a-las-19.34.59_6c1a2094-320x320.jpg",320,320,true],"woocommerce_single":["https:\/\/genios-gt.com\/wp-content\/uploads\/2024\/12\/Imagen-de-WhatsApp-2024-12-09-a-las-19.34.59_6c1a2094-600x600.jpg",600,600,true],"woocommerce_gallery_thumbnail":["https:\/\/genios-gt.com\/wp-content\/uploads\/2024\/12\/Imagen-de-WhatsApp-2024-12-09-a-las-19.34.59_6c1a2094-100x100.jpg",100,100,true],"variation_swatches_image_size":["https:\/\/genios-gt.com\/wp-content\/uploads\/2024\/12\/Imagen-de-WhatsApp-2024-12-09-a-las-19.34.59_6c1a2094-50x50.jpg",50,50,true],"variation_swatches_tooltip_size":["https:\/\/genios-gt.com\/wp-content\/uploads\/2024\/12\/Imagen-de-WhatsApp-2024-12-09-a-las-19.34.59_6c1a2094-100x100.jpg",100,100,true],"thaps-thumb-img":["https:\/\/genios-gt.com\/wp-content\/uploads\/2024\/12\/Imagen-de-WhatsApp-2024-12-09-a-las-19.34.59_6c1a2094-48x48.jpg",48,48,true]},"uagb_author_info":{"display_name":"Yemito","author_link":"https:\/\/genios-gt.com\/index.php\/author\/"},"uagb_comment_info":0,"uagb_excerpt":"\u2714\ufe0fMaterial: Aleaci\u00f3n. \u2714\ufe0fDise\u00f1o: Elegante Deslumbrante . \u2714\ufe0fEstilo: Hip Hop. \ud83d\udcb5\u00a0En la compra de 2 o mas obt\u00e9n un descuento especial \ud83c\uddec\ud83c\uddf9\u00a0Env\u00edos a todo el pa\u00eds.","_links":{"self":[{"href":"https:\/\/genios-gt.com\/index.php\/wp-json\/wp\/v2\/product\/3948"}],"collection":[{"href":"https:\/\/genios-gt.com\/index.php\/wp-json\/wp\/v2\/product"}],"about":[{"href":"https:\/\/genios-gt.com\/index.php\/wp-json\/wp\/v2\/types\/product"}],"replies":[{"embeddable":true,"href":"https:\/\/genios-gt.com\/index.php\/wp-json\/wp\/v2\/comments?post=3948"}],"wp:featuredmedia":[{"embeddable":true,"href":"https:\/\/genios-gt.com\/index.php\/wp-json\/wp\/v2\/media\/3950"}],"wp:attachment":[{"href":"https:\/\/genios-gt.com\/index.php\/wp-json\/wp\/v2\/media?parent=3948"}],"wp:term":[{"taxonomy":"product_cat","embeddable":true,"href":"https:\/\/genios-gt.com\/index.php\/wp-json\/wp\/v2\/product_cat?post=3948"},{"taxonomy":"product_tag","embeddable":true,"href":"https:\/\/genios-gt.com\/index.php\/wp-json\/wp\/v2\/product_tag?post=3948"}],"curies":[{"name":"wp","href":"https:\/\/api.w.org\/{rel}","templated":true}]}}