{"id":3825,"date":"2024-11-29T10:52:31","date_gmt":"2024-11-29T16:52:31","guid":{"rendered":"https:\/\/genios-gt.com\/?post_type=product&#038;p=3825"},"modified":"2024-12-01T10:32:35","modified_gmt":"2024-12-01T16:32:35","slug":"pulsera-gruesa-cadena-de-moto","status":"publish","type":"product","link":"https:\/\/genios-gt.com\/index.php\/producto\/pulsera-gruesa-cadena-de-moto\/","title":{"rendered":"PULSERA GRUESA CADENA DE MOTO"},"content":{"rendered":"<p><span class=\"AnswerParser_TextContainer__z_Iiv\" data-testid=\"youchat-text\"><strong>Cadena de Moto de Acero 316L: Dise\u00f1o Robusto y Elegante<\/strong><\/span><\/p>\n<p><span class=\"AnswerParser_TextContainer__z_Iiv\" data-testid=\"youchat-text\">Presentamos nuestra <strong>Pulsera cadena de moto<\/strong>\u00a0dise\u00f1ada especialmente para los amantes de las motocicletas. Fabricada con\u00a0<strong>acero inoxidable 316L<\/strong>, esta cadena no solo destaca por su resistencia, sino tambi\u00e9n por su estilo \u00fanico y potente.<\/span><\/p>\n<p><span class=\"AnswerParser_TextContainer__z_Iiv\" data-testid=\"youchat-text\"><strong>Caracter\u00edsticas Principales:<\/strong><\/span><\/p>\n<ul class=\"AnswerParser_AnswerParserUnorderedList__P_1FW\">\n<li class=\"AnswerParser_ListItem__XqLOV\"><strong>Dise\u00f1o de Cadena de Moto:<\/strong>\u00a0Cada eslab\u00f3n evoca la fuerza y la libertad de la cultura motociclista, ideal para quienes llevan la pasi\u00f3n por las motos en su estilo de vida.<\/li>\n<li class=\"AnswerParser_ListItem__XqLOV\"><strong>Material de Alta Calidad:<\/strong>\u00a0Elaborada con acero 316L, conocido por su extraordinaria resistencia a la corrosi\u00f3n y la oxidaci\u00f3n, garantizando una larga vida \u00fatil y un brillo que perdura.<\/li>\n<li class=\"AnswerParser_ListItem__XqLOV\"><strong>Confort y Estilo:<\/strong>\u00a0Su dise\u00f1o ergon\u00f3mico asegura un ajuste c\u00f3modo, perfecto para el uso diario, mientras que su apariencia robusta a\u00f1ade un toque audaz a cualquier outfit.<\/li>\n<\/ul>\n<p><span class=\"AnswerParser_TextContainer__z_Iiv\" data-testid=\"youchat-text\">No dejes pasar la oportunidad de lucir una cadena que simboliza tu amor por las motocicletas.\u00a0<\/span><\/p>\n<p><span class=\"AnswerParser_TextContainer__z_Iiv\" data-testid=\"youchat-text\"><strong>Haz que tu estilo sea tan audaz como tu esp\u00edritu aventurero.<\/strong><\/span><\/p>\n","protected":false},"excerpt":{"rendered":"<p>\u2714\ufe0fMaterial: Acero inoxidable<\/p>\n<p>\u2714\ufe0fTalla 22cm.<\/p>\n<p>\u2714\ufe0fDise\u00f1o: Cadena de moto.<\/p>\n<p>\u2714\ufe0fEstilo: Hip Hop.<\/p>\n<p>\ud83d\udcb5\u00a0En la compra de 2 o mas Envi\u00f3 Gratis.<\/p>\n<p>\ud83c\uddec\ud83c\uddf9\u00a0Env\u00edos a todo el pais.<\/p>\n<p>\ud83d\ude9a\u00a0Pagas al recibir.<\/p>\n","protected":false},"featured_media":3826,"comment_status":"open","ping_status":"closed","template":"","meta":{"_uag_custom_page_level_css":""},"product_cat":[57],"product_tag":[],"jetpack_sharing_enabled":true,"uagb_featured_image_src":{"full":["https:\/\/genios-gt.com\/wp-content\/uploads\/2024\/11\/PULSERA-DE-ESLABONES-DE-MOTO.jpg",1000,1239,false],"thumbnail":["https:\/\/genios-gt.com\/wp-content\/uploads\/2024\/11\/PULSERA-DE-ESLABONES-DE-MOTO-150x150.jpg",150,150,true],"medium":["https:\/\/genios-gt.com\/wp-content\/uploads\/2024\/11\/PULSERA-DE-ESLABONES-DE-MOTO-242x300.jpg",242,300,true],"medium_large":["https:\/\/genios-gt.com\/wp-content\/uploads\/2024\/11\/PULSERA-DE-ESLABONES-DE-MOTO-768x952.jpg",640,793,true],"large":["https:\/\/genios-gt.com\/wp-content\/uploads\/2024\/11\/PULSERA-DE-ESLABONES-DE-MOTO-826x1024.jpg",640,793,true],"1536x1536":["https:\/\/genios-gt.com\/wp-content\/uploads\/2024\/11\/PULSERA-DE-ESLABONES-DE-MOTO.jpg",1000,1239,false],"2048x2048":["https:\/\/genios-gt.com\/wp-content\/uploads\/2024\/11\/PULSERA-DE-ESLABONES-DE-MOTO.jpg",1000,1239,false],"mailpoet_newsletter_max":["https:\/\/genios-gt.com\/wp-content\/uploads\/2024\/11\/PULSERA-DE-ESLABONES-DE-MOTO.jpg",1000,1239,false],"woocommerce_thumbnail":["https:\/\/genios-gt.com\/wp-content\/uploads\/2024\/11\/PULSERA-DE-ESLABONES-DE-MOTO-320x396.jpg",320,396,true],"woocommerce_single":["https:\/\/genios-gt.com\/wp-content\/uploads\/2024\/11\/PULSERA-DE-ESLABONES-DE-MOTO-600x743.jpg",600,743,true],"woocommerce_gallery_thumbnail":["https:\/\/genios-gt.com\/wp-content\/uploads\/2024\/11\/PULSERA-DE-ESLABONES-DE-MOTO-100x100.jpg",100,100,true],"variation_swatches_image_size":["https:\/\/genios-gt.com\/wp-content\/uploads\/2024\/11\/PULSERA-DE-ESLABONES-DE-MOTO-50x50.jpg",50,50,true],"variation_swatches_tooltip_size":["https:\/\/genios-gt.com\/wp-content\/uploads\/2024\/11\/PULSERA-DE-ESLABONES-DE-MOTO-100x100.jpg",100,100,true],"thaps-thumb-img":["https:\/\/genios-gt.com\/wp-content\/uploads\/2024\/11\/PULSERA-DE-ESLABONES-DE-MOTO-48x59.jpg",48,59,true]},"uagb_author_info":{"display_name":"Yemito","author_link":"https:\/\/genios-gt.com\/index.php\/author\/"},"uagb_comment_info":0,"uagb_excerpt":"\u2714\ufe0fMaterial: Acero inoxidable \u2714\ufe0fTalla 22cm. \u2714\ufe0fDise\u00f1o: Cadena de moto. \u2714\ufe0fEstilo: Hip Hop. \ud83d\udcb5\u00a0En la compra de 2 o mas Envi\u00f3 Gratis. \ud83c\uddec\ud83c\uddf9\u00a0Env\u00edos a todo el pais. \ud83d\ude9a\u00a0Pagas al recibir.","_links":{"self":[{"href":"https:\/\/genios-gt.com\/index.php\/wp-json\/wp\/v2\/product\/3825"}],"collection":[{"href":"https:\/\/genios-gt.com\/index.php\/wp-json\/wp\/v2\/product"}],"about":[{"href":"https:\/\/genios-gt.com\/index.php\/wp-json\/wp\/v2\/types\/product"}],"replies":[{"embeddable":true,"href":"https:\/\/genios-gt.com\/index.php\/wp-json\/wp\/v2\/comments?post=3825"}],"wp:featuredmedia":[{"embeddable":true,"href":"https:\/\/genios-gt.com\/index.php\/wp-json\/wp\/v2\/media\/3826"}],"wp:attachment":[{"href":"https:\/\/genios-gt.com\/index.php\/wp-json\/wp\/v2\/media?parent=3825"}],"wp:term":[{"taxonomy":"product_cat","embeddable":true,"href":"https:\/\/genios-gt.com\/index.php\/wp-json\/wp\/v2\/product_cat?post=3825"},{"taxonomy":"product_tag","embeddable":true,"href":"https:\/\/genios-gt.com\/index.php\/wp-json\/wp\/v2\/product_tag?post=3825"}],"curies":[{"name":"wp","href":"https:\/\/api.w.org\/{rel}","templated":true}]}}