{"id":3809,"date":"2024-11-28T11:09:40","date_gmt":"2024-11-28T17:09:40","guid":{"rendered":"https:\/\/genios-gt.com\/?post_type=product&#038;p=3809"},"modified":"2025-09-10T17:11:06","modified_gmt":"2025-09-10T23:11:06","slug":"pulsera-ancha-de-cadena-g157","status":"publish","type":"product","link":"https:\/\/genios-gt.com\/index.php\/producto\/pulsera-ancha-de-cadena-g157\/","title":{"rendered":"PULSERA ANCHA ANCHA DE CADENA G157"},"content":{"rendered":"<p><span class=\"AnswerParser_TextContainer__z_Iiv\" data-testid=\"youchat-text\">\u00abElev\u00e1 tu estilo con nuestras pulseras de acero inoxidable 316L \u2013 la calidad superior que mereces.<\/span><span class=\"AnswerParser_TextContainer__z_Iiv\" data-testid=\"youchat-text\">Fabricadas con el mejor acero inoxidable 316L, conocido por su resistencia a la corrosi\u00f3n y su brillo duradero, estas pulseras combinan elegancia cl\u00e1sica con una construcci\u00f3n robusta que se adapta a tu ritmo de vida.<\/span><span class=\"AnswerParser_TextContainer__z_Iiv\" data-testid=\"youchat-text\">Dise\u00f1adas para destacar, nuestras pulseras son la elecci\u00f3n perfecta para quienes buscan un accesorio que combine moda y funcionalidad:<\/span><\/p>\n<ul class=\"AnswerParser_AnswerParserUnorderedList__P_1FW\">\n<li class=\"AnswerParser_ListItem__XqLOV\">Acero inoxidable 316L, m\u00e1s resistente a la corrosi\u00f3n y la decoloraci\u00f3n<\/li>\n<li class=\"AnswerParser_ListItem__XqLOV\">Acabado pulido que mantiene su brillo incluso despu\u00e9s de a\u00f1os de uso<\/li>\n<li class=\"AnswerParser_ListItem__XqLOV\">Cierres de calidad que aseguran un ajuste c\u00f3modo y seguro<\/li>\n<li class=\"AnswerParser_ListItem__XqLOV\">Versatilidad para combinar con cualquier atuendo, desde informal hasta formal<\/li>\n<\/ul>\n<p><span class=\"AnswerParser_TextContainer__z_Iiv\" data-testid=\"youchat-text\">Elev\u00e1 tu estilo de vida con la calidad superior de nuestras pulseras de acero inoxidable 316L. \u00a1Hac\u00e9 tuya la elegancia cl\u00e1sica que mereces!\u00bb<\/span><\/p>\n","protected":false},"excerpt":{"rendered":"<p>\u2714\ufe0fMaterial:\u00a0 Acero Inoxidable.<\/p>\n<p>\u2714\ufe0f Talla: 22cm<\/p>\n<p>\u2714\ufe0fDise\u00f1o: De cadena ancho y broche.<\/p>\n<p>\u2714\ufe0fEstilo: Hip Hop.<\/p>\n<p>\ud83d\udcb5\u00a0En la compra de 2 o mas Envi\u00f3 Gratis<\/p>\n<p>\ud83c\uddec\ud83c\uddf9\u00a0Env\u00edos a todo el pais.<\/p>\n<p>\ud83d\ude9a\u00a0Pagas al recibir.<\/p>\n","protected":false},"featured_media":3810,"comment_status":"open","ping_status":"closed","template":"","meta":{"_uag_custom_page_level_css":""},"product_cat":[57],"product_tag":[],"jetpack_sharing_enabled":true,"uagb_featured_image_src":{"full":["https:\/\/genios-gt.com\/wp-content\/uploads\/2024\/11\/PULSERA-ANCHA-DE-CADENA.jpg",1000,1239,false],"thumbnail":["https:\/\/genios-gt.com\/wp-content\/uploads\/2024\/11\/PULSERA-ANCHA-DE-CADENA-150x150.jpg",150,150,true],"medium":["https:\/\/genios-gt.com\/wp-content\/uploads\/2024\/11\/PULSERA-ANCHA-DE-CADENA-242x300.jpg",242,300,true],"medium_large":["https:\/\/genios-gt.com\/wp-content\/uploads\/2024\/11\/PULSERA-ANCHA-DE-CADENA-768x952.jpg",640,793,true],"large":["https:\/\/genios-gt.com\/wp-content\/uploads\/2024\/11\/PULSERA-ANCHA-DE-CADENA-826x1024.jpg",640,793,true],"1536x1536":["https:\/\/genios-gt.com\/wp-content\/uploads\/2024\/11\/PULSERA-ANCHA-DE-CADENA.jpg",1000,1239,false],"2048x2048":["https:\/\/genios-gt.com\/wp-content\/uploads\/2024\/11\/PULSERA-ANCHA-DE-CADENA.jpg",1000,1239,false],"mailpoet_newsletter_max":["https:\/\/genios-gt.com\/wp-content\/uploads\/2024\/11\/PULSERA-ANCHA-DE-CADENA.jpg",1000,1239,false],"woocommerce_thumbnail":["https:\/\/genios-gt.com\/wp-content\/uploads\/2024\/11\/PULSERA-ANCHA-DE-CADENA-320x396.jpg",320,396,true],"woocommerce_single":["https:\/\/genios-gt.com\/wp-content\/uploads\/2024\/11\/PULSERA-ANCHA-DE-CADENA-600x743.jpg",600,743,true],"woocommerce_gallery_thumbnail":["https:\/\/genios-gt.com\/wp-content\/uploads\/2024\/11\/PULSERA-ANCHA-DE-CADENA-100x100.jpg",100,100,true],"variation_swatches_image_size":["https:\/\/genios-gt.com\/wp-content\/uploads\/2024\/11\/PULSERA-ANCHA-DE-CADENA-50x50.jpg",50,50,true],"variation_swatches_tooltip_size":["https:\/\/genios-gt.com\/wp-content\/uploads\/2024\/11\/PULSERA-ANCHA-DE-CADENA-100x100.jpg",100,100,true],"thaps-thumb-img":["https:\/\/genios-gt.com\/wp-content\/uploads\/2024\/11\/PULSERA-ANCHA-DE-CADENA-48x59.jpg",48,59,true]},"uagb_author_info":{"display_name":"Yemito","author_link":"https:\/\/genios-gt.com\/index.php\/author\/"},"uagb_comment_info":0,"uagb_excerpt":"\u2714\ufe0fMaterial:\u00a0 Acero Inoxidable. \u2714\ufe0f Talla: 22cm \u2714\ufe0fDise\u00f1o: De cadena ancho y broche. \u2714\ufe0fEstilo: Hip Hop. \ud83d\udcb5\u00a0En la compra de 2 o mas Envi\u00f3 Gratis \ud83c\uddec\ud83c\uddf9\u00a0Env\u00edos a todo el pais. \ud83d\ude9a\u00a0Pagas al recibir.","_links":{"self":[{"href":"https:\/\/genios-gt.com\/index.php\/wp-json\/wp\/v2\/product\/3809"}],"collection":[{"href":"https:\/\/genios-gt.com\/index.php\/wp-json\/wp\/v2\/product"}],"about":[{"href":"https:\/\/genios-gt.com\/index.php\/wp-json\/wp\/v2\/types\/product"}],"replies":[{"embeddable":true,"href":"https:\/\/genios-gt.com\/index.php\/wp-json\/wp\/v2\/comments?post=3809"}],"wp:featuredmedia":[{"embeddable":true,"href":"https:\/\/genios-gt.com\/index.php\/wp-json\/wp\/v2\/media\/3810"}],"wp:attachment":[{"href":"https:\/\/genios-gt.com\/index.php\/wp-json\/wp\/v2\/media?parent=3809"}],"wp:term":[{"taxonomy":"product_cat","embeddable":true,"href":"https:\/\/genios-gt.com\/index.php\/wp-json\/wp\/v2\/product_cat?post=3809"},{"taxonomy":"product_tag","embeddable":true,"href":"https:\/\/genios-gt.com\/index.php\/wp-json\/wp\/v2\/product_tag?post=3809"}],"curies":[{"name":"wp","href":"https:\/\/api.w.org\/{rel}","templated":true}]}}