{"id":2489,"date":"2024-01-05T17:32:56","date_gmt":"2024-01-05T23:32:56","guid":{"rendered":"https:\/\/genios-gt.com\/?page_id=2489"},"modified":"2024-01-05T17:43:49","modified_gmt":"2024-01-05T23:43:49","slug":"politicas-de-privacidad-y-contenido","status":"publish","type":"page","link":"https:\/\/genios-gt.com\/index.php\/politicas-de-privacidad-y-contenido\/","title":{"rendered":"Nuestra pol\u00edtica"},"content":{"rendered":"\n<p class=\"has-text-align-center has-medium-font-size\"><strong>Politicas de privacidad y contenido<\/strong><\/p>\n\n\n\n<h3 class=\"wp-block-heading\"><strong>Sus datos:<\/strong><\/h3>\n\n\n\n<p>Recopilamos informaci\u00f3n suya durante el proceso de pago en nuestra tienda.<\/p>\n\n\n\n<h3 class=\"wp-block-heading\"><strong>Lo que recopilamos y almacenamos<\/strong><\/h3>\n\n\n\n<p>Mientras visita nuestro sitio realizaremos el seguimiento de:<\/p>\n\n\n\n<p>Productos que ha visto: Los usaremos para, por ejemplo, mostrarle los productos que has visto recientemente.<br>Ubicaci\u00f3n, direcci\u00f3n IP y tipo de navegador: usaremos esto para prop\u00f3sitos como estimar impuestos y costes de env\u00edo.<br>Direcci\u00f3n de env\u00edo: le pediremos que facilite esto para que podamos, por ejemplo, estimar el coste del env\u00edo antes de que haga un pedido, \u00a1y enviarle el pedido!<\/p>\n\n\n\n<p>Tambi\u00e9n usamos cookies para realizar el seguimiento de los contenidos del carrito mientras navega por nuestro sitio.<\/p>\n\n\n\n<p>Cuando nos compra algo le pedimos que facilite informaci\u00f3n que incluye su nombre, direcci\u00f3n de facturaci\u00f3n, direcci\u00f3n de env\u00edo, direcci\u00f3n de correo electr\u00f3nico, n\u00famero de tel\u00e9fono, detalles de la tarjeta de cr\u00e9dito\/pago e informaci\u00f3n adicional opcional como el nombre de usuario y la contrase\u00f1a.<\/p>\n\n\n\n<p>Usaremos esta informaci\u00f3n para prop\u00f3sitos como:<\/p>\n\n\n\n<p>Enviarle informaci\u00f3n sobre su cuenta y pedido.<br>Responder a sus solicitudes, incluidos reembolsos y reclamaciones.<br>Procesar pagos y evitar el fraude.<br>Configurar su cuenta para nuestra tienda.<br>Cumplir con cualquier obligaci\u00f3n legal que tengamos, como c\u00e1lculos de impuestos.<br>Mejorar las ofertas de nuestra tienda.<br>Enviarle mensajes promocionales, si elige recibirlos.<\/p>\n\n\n\n<p>Si crea una cuenta almacenaremos su nombre, direcci\u00f3n, correo electr\u00f3nico y n\u00famero de tel\u00e9fono, lo que usaremos para el proceso de pago y futuros pedidos.<\/p>\n\n\n\n<p>Normalmente almacenamos informaci\u00f3n sobre usted durante el tiempo que necesitemos la informaci\u00f3n, para los prop\u00f3sitos antes indicados, y no estamos legalmente obligados a seguir guard\u00e1ndola. Por ejemplo, almacenaremos informaci\u00f3n de los pedidos durante XXX a\u00f1os para fines de impuestos y contabilidad. Esto incluye su nombre, direcci\u00f3n de correo electr\u00f3nico y direcciones de facturaci\u00f3n y env\u00edo.<\/p>\n\n\n\n<p>Tambi\u00e9n almacenamos comentarios o valoraciones, si elige dejarlos.<\/p>\n\n\n\n<h3 class=\"wp-block-heading\"><strong>Qui\u00e9n de nuestro equipo tiene acceso\u00a0<\/strong><\/h3>\n\n\n\n<p>Los miembros de nuestro equipo tienen acceso a la informaci\u00f3n que nos ofrece. Por ejemplo, los administradores y gestores de tienda pueden acceder a:<\/p>\n\n\n\n<p>La informaci\u00f3n de pedidos, como qu\u00e9 se compr\u00f3, cu\u00e1ndo se compr\u00f3 y d\u00f3nde se deber\u00eda enviar, y<br>la informaci\u00f3n del cliente, como su nombre, direcci\u00f3n de correo electr\u00f3nico, y la informaci\u00f3n de facturaci\u00f3n y env\u00edo.<br>Los miembros de nuestro equipo tienen acceso a esta informaci\u00f3n para ayudar a completar pedidos, procesar reembolsos y darle soporte.<\/p>\n\n\n\n<h3 class=\"wp-block-heading\"><strong>Lo que compartimos con otros<\/strong><\/h3>\n\n\n\n<p>Compartimos informaci\u00f3n con otros, que nos ayudan a ofrecer nuestros pedidos y gestionar servicios para usted; por ejemplo en:<\/p>\n\n\n\n<h3 class=\"wp-block-heading\">OTROS DATOS<\/h3>\n\n\n\n<h3 class=\"wp-block-heading\"><strong>Contenido<\/strong><\/h3>\n\n\n\n<p>Disponemos de productos f\u00edscos y digitales o virtuales, con detalles particulares seg\u00fan la naturaleza de cada uno. No fomentamos la pirater\u00eda, ofrecemos originalidad, las imagines o fotos son de los fabricantes bajo filiales nacionales o internacionales que nos autorizan comercializar sus productos.\u00a0 Las descargas se almacenan regularmente en nuestro servidor con estadares de seguridad aceptables.<\/p>\n\n\n\n<h3 class=\"wp-block-heading\"><strong>Garant\u00eda\u00a0<\/strong><\/h3>\n\n\n\n<p>Todo art\u00edculo electr\u00f3nico tiene garant\u00eda hasta por 6 meses y 1 a\u00f1o por defecto de f\u00e1brica (Depender\u00e1 del producto), report\u00e1ndolo durante las 24 horas despu\u00e9s de su recepci\u00f3n, caso contrario pierde la misma. No tienen garant\u00eda los art\u00edculos fallidos por corriente el\u00e9ctrica, uso incorrecto, cargadores, suministros y aquellos donde el usuario es responsable de su instalaci\u00f3n o configuraci\u00f3n. Todos nuestros productos son inspeccionados y probados antes de su despacho por personal t\u00e9cnico y especializado.<\/p>\n\n\n\n<h3 class=\"wp-block-heading\"><strong>Pol\u00edticas de Reembolso, Devoluci\u00f3n y Entrega\u00a0<\/strong><\/h3>\n\n\n\n<ol>\n<li>Si tiene dudas sobre nuestros servicios o productos por favor \u201ccont\u00e1ctenos\u201d y solicite informaci\u00f3n necesaria sobre la posible compra o requerimiento de servicio para brindarle una mejor asesor\u00eda.<\/li>\n<\/ol>\n\n\n\n<p>2. Elige su servicio o art\u00edculo y proceda a pagar, utilizando las dos formas m\u00e1s comunes: a) Dep\u00f3sito Bancario en Banrural. b) Pago en l\u00ednea utilizando su Tarjeta de D\u00e9bito o Cr\u00e9dito atrav\u00e9s de VISANET (de ser necesario solic\u00edtelo para pago directo o en cuotas)<\/p>\n\n\n\n<p>3. Procesado el pago por dep\u00f3sito bancario, por pago en l\u00ednea u otro, el tiempo estimado para la entrega del servicio o producto (art\u00edculo) es de 1 a 8 d\u00edas h\u00e1biles, \u00e1rea local y para el extranjero depende del servicio o de la empresa de carga elegida. Nota: si no tenemos art\u00edculos en existencia, el tiempo de entrega puede ser de hasta un m\u00ednimo de 4 semanas.<\/p>\n\n\n\n<p>4. El incumplimiento de un servicio o venta de parte de nuestra empresa (el cual no existe esa posibilidad) durante los primeros 15 d\u00edas h\u00e1biles despu\u00e9s de efectuar alg\u00fan pago, el cliente puede reclamar su dinero 100% \u00edntegro.<\/p>\n\n\n\n<p>5. Manifestado y le\u00eddo nuestras pol\u00edticas de ventas, usted acepta las condiciones bajo esos t\u00e9rminos y nuestro compromiso es poder servirle lo m\u00e1s pronto posible.<\/p>\n\n\n\n<p>NOTA: Las devoluciones son aceptadas siempre y cuando sean requeridas por nuestra empresa, caso contrario no aceptamos ninguna devoluci\u00f3n de parte del cliente por otro motivo.<\/p>\n","protected":false},"excerpt":{"rendered":"<p>Politicas de privacidad y contenido Sus datos: Recopilamos informaci\u00f3n suya durante el proceso de pago en nuestra tienda. Lo que recopilamos y almacenamos Mientras visita nuestro sitio realizaremos el seguimiento de: Productos que ha visto: Los usaremos para, por ejemplo, mostrarle los productos que has visto recientemente.Ubicaci\u00f3n, direcci\u00f3n IP y tipo de navegador: usaremos esto &hellip;<\/p>\n<p class=\"read-more\"> <a class=\" thunk-readmore button \" href=\"https:\/\/genios-gt.com\/index.php\/politicas-de-privacidad-y-contenido\/\"> <span class=\"screen-reader-text\">Nuestra pol\u00edtica<\/span>Leer m\u00e1s<\/a><\/p>\n","protected":false},"author":1,"featured_media":0,"parent":0,"menu_order":0,"comment_status":"closed","ping_status":"closed","template":"","meta":{"_uag_custom_page_level_css":"","footnotes":""},"jetpack_sharing_enabled":true,"uagb_featured_image_src":{"full":false,"thumbnail":false,"medium":false,"medium_large":false,"large":false,"1536x1536":false,"2048x2048":false,"mailpoet_newsletter_max":false,"woocommerce_thumbnail":false,"woocommerce_single":false,"woocommerce_gallery_thumbnail":false,"variation_swatches_image_size":false,"variation_swatches_tooltip_size":false,"thaps-thumb-img":false},"uagb_author_info":{"display_name":"Rodanim","author_link":"https:\/\/genios-gt.com\/index.php\/author\/rodanim\/"},"uagb_comment_info":0,"uagb_excerpt":"Politicas de privacidad y contenido Sus datos: Recopilamos informaci\u00f3n suya durante el proceso de pago en nuestra tienda. Lo que recopilamos y almacenamos Mientras visita nuestro sitio realizaremos el seguimiento de: Productos que ha visto: Los usaremos para, por ejemplo, mostrarle los productos que has visto recientemente.Ubicaci\u00f3n, direcci\u00f3n IP y tipo de navegador: usaremos esto&hellip;","_links":{"self":[{"href":"https:\/\/genios-gt.com\/index.php\/wp-json\/wp\/v2\/pages\/2489"}],"collection":[{"href":"https:\/\/genios-gt.com\/index.php\/wp-json\/wp\/v2\/pages"}],"about":[{"href":"https:\/\/genios-gt.com\/index.php\/wp-json\/wp\/v2\/types\/page"}],"author":[{"embeddable":true,"href":"https:\/\/genios-gt.com\/index.php\/wp-json\/wp\/v2\/users\/1"}],"replies":[{"embeddable":true,"href":"https:\/\/genios-gt.com\/index.php\/wp-json\/wp\/v2\/comments?post=2489"}],"version-history":[{"count":3,"href":"https:\/\/genios-gt.com\/index.php\/wp-json\/wp\/v2\/pages\/2489\/revisions"}],"predecessor-version":[{"id":2499,"href":"https:\/\/genios-gt.com\/index.php\/wp-json\/wp\/v2\/pages\/2489\/revisions\/2499"}],"wp:attachment":[{"href":"https:\/\/genios-gt.com\/index.php\/wp-json\/wp\/v2\/media?parent=2489"}],"curies":[{"name":"wp","href":"https:\/\/api.w.org\/{rel}","templated":true}]}}